) = 91*k**2 - 2*k + 32. What is r(0)?
32
Let t(w) = 3*w**3 - 11*w**2 - 5*w + 7. Give t(6).
229
Let g(u) = u**2 + 73*u + 869. Calculate g(-58).
-1
Let u(q) = -q**3 + 27*q**2 + 90*q + 67. Give u(30).
67
Let c(m) = -4*m**2 - 76*m + 52. Calculate c(-16).
244
Let s(d) = 36*d**2 - 87*d + 34. Give s(2).
4
Let s(l) = -183*l**2 - 2018*l - 30. Determine s(-11).
25
Let s(v) = -v**2 + 52*v - 699. Calculate s(37).
-144
Let b(t) = t**2 - 32*t - 40. Give b(34).
28
Let v(y) = 55*y + 1922. What is v(-35)?
-3
Let z(k) = k**2 - 101*k + 614. Calculate z(95).
44
Let m(h) = h**3 + 5*h**2 + 327*h + 1269. Give m(-4).
-23
Let x(l) = 16*l**2 - 30*l - 1. Give x(3).
53
Let o(h) = 29*h**2 + 27*h + 32. Give o(0).
32
Let a(y) = -y - 13. Calculate a(21).
-34
Let x(c) = 87*c - 3138. What is x(36)?
-6
Let x(i) = i**2 + 127*i - 3981. Give x(26).
-3
Let v(n) = 469*n + 7501. Determine v(-16).
-3
Let j(d) = -3885*d + 34973. Determine j(9).
8
Let l(x) = 9*x**2 - 25*x - 28. What is l(7)?
238
Let w(b) = 3*b**3 + 2*b**2 - 68*b + 24. Calculate w(5).
109
Let q(v) = -9*v + 71. Determine q(8).
-1
Let j(t) = -97*t - 804. Calculate j(-8).
-28
Let r(o) = -86*o**2 + 1453*o + 63. Give r(17).
-90
Let s(o) = 44*o**2 - 2*o + 1. What is s(1)?
43
Let j(u) = 58*u - 472. What is j(12)?
224
Let z(x) = -62*x - 1263. Calculate z(-23).
163
Let n(u) = 114*u - 606. Calculate n(5).
-36
Let l(f) = -f**3 + 69*f**2 - 134*f + 21. What is l(67)?
21
Let k(o) = -o**3 - 8*o**2 - 21*o - 149. What is k(-7)?
-51
Let w(n) = -n**3 - 22*n**2 - 123*n - 26. Calculate w(-11).
-4
Let y(l) = -l**2 + 41*l + 551. What is y(54)?
-151
Let b(r) = -2*r - 156. What is b(-15)?
-126
Let t(j) = 38*j - 192. Determine t(8).
112
Let m(p) = 152*p**2 - 1976*p + 9. What is m(13)?
9
Let t(z) = -21*z**3 + 4*z**2 - 12*z + 7. Calculate t(1).
-22
Let l(d) = d**3 + 127*d**2 + 2478*d + 604. What is l(-103)?
-14
Let m(q) = 295*q - 7873. Give m(27).
92
Let x(f) = -6*f**3 + f**2 - f + 8. Determine x(-3).
182
Let n(f) = -77*f + 5924. Give n(77).
-5
Let w(a) = a**3 - 24*a**2 + 117*a - 101. Determine w(5).
9
Let l(v) = v**2 - 185*v - 955. Determine l(-5).
-5
Let j(i) = 44*i**2 + 137*i. Calculate j(-3).
-15
Let b(s) = -118*s - 2039. Determine b(-17).
-33
Let x(k) = 414*k - 62920. Determine x(152).
8
Let t(g) = -7439*g + 29751. Give t(4).
-5
Let f(z) = 227*z**2 - 12*z - 15. Calculate f(-1).
224
Let q(s) = s**3 + 15*s**2 + 3*s + 76. Determine q(-8).
500
Let d(r) = 11*r**2 + 353*r - 10. Give d(-32).
-42
Let f(q) = -28*q**2 + 587*q - 20. Determine f(21).
-41
Let h(o) = -2101*o - 50411. Determine h(-24).
13
Let n(m) = -2*m**3 - 20*m**2 - 4*m + 10. Give n(-9).
-116
Let f(z) = 3*z**2 - 20*z - 200. Determine f(-7).
87
Let a(f) = -114*f**2 - 36364*f + 626. Determine a(-319).
-12
Let y(k) = -2*k**3 + 56*k**2 - 56*k - 23. What is y(27)?
-77
Let m(t) = 108*t - 3598. What is m(34)?
74
Let f(h) = -240*h + 23263. What is f(97)?
-17
Let a(n) = 5*n**3 - 5*n**2 + 3*n - 19. Determine a(3).
80
Let f(j) = 186*j - 2740. Calculate f(15).
50
Let r(s) = 24*s**3 + 4*s**2 - 2. Calculate r(-2).
-178
Let y(s) = -24*s + 50. Calculate y(6).
-94
Let h(d) = -18*d**2 - 131*d - 43. What is h(-10)?
-533
Let d(v) = 169*v + 1203. Give d(-7).
20
Let k(f) = 1767*f - 8836. What is k(5)?
-1
Let v(b) = 2*b + 132. Determine v(23).
178
Let c(i) = -9*i**2 + 206*i + 741. Give c(26).
13
Let w(a) = -65*a - 538. Give w(-9).
47
Let s(g) = -g**3 - 172*g**2 - 241*g - 11963. Calculate s(-171).
7
Let d(y) = -2452*y + 85792. Determine d(35).
-28
Let t(p) = p**3 - 19*p**2 - 6*p - 30. Give t(19).
-144
Let y(c) = 7*c**3 + 289*c**2 - 210*c + 1. Calculate y(-42).
1
Let x(k) = 8*k - 103. Determine x(12).
-7
Let s(d) = 110*d + 4395. Give s(-40).
-5
Let v(n) = n**3 + 26*n**2 + 57*n - 1257. Calculate v(-20).
3
Let u(v) = -v**3 - 3*v**2 + 31*v + 10. Calculate u(-6).
-68
Let t(d) = -186*d - 925. Calculate t(-5).
5
Let b(m) = m**2 - 24*m - 172. Determine b(30).
8
Let o(g) = -15*g + 391. Determine o(73).
-704
Let z(c) = -35*c - 287. What is z(-8)?
-7
Let b(u) = -2*u**2 + 16*u + 51. Give b(-7).
-159
Let t(m) = m**2 + 24*m + 57. What is t(-23)?
34
Let x(b) = -645*b - 15472. What is x(-24)?
8
Let y(j) = -79*j - 1569. Give y(-20).
11
Let q(a) = 5254*a + 94567. Give q(-18).
-5
Let u(b) = -18*b - 122. Give u(-18).
202
Let l(q) = -4*q**2 - 27*q + 15. What is l(-6)?
33
Let l(r) = 145*r - 164. What is l(2)?
126
Let l(b) = -3*b**2 + 3*b + 15. Determine l(-2).
-3
Let u(y) = 2*y**2 + 110*y - 353. What is u(-59)?
119
Let q(m) = 14*m**2 - 310*m + 1588. What is q(8)?
4
Let n(f) = f**3 + 14*f**2 + 90*f + 278. Calculate n(-6).
26
Let w(a) = -9*a + 85. Determine w(10).
-5
Let z(p) = -p**3 - 28*p**2 - 24*p - 38. What is z(-27)?
-119
Let g(n) = 5*n**3 + 169*n**2 - 36*n - 57. Determine g(-34).
11
Let v(k) = 8*k**2 + 21*k - 38. Determine v(2).
36
Let d(j) = -851*j + 3395. What is d(4)?
-9
Let m(p) = p**3 + 40*p**2 + 368*p + 65. What is m(-14)?
9
Let y(m) = m**3 - 15*m**2 + 26*m - 165. What is y(14)?
3
Let g(h) = 73*h + 36. Give g(0).
36
Let y(w) = w**2 - 189*w - 2685. Give y(-13).
-59
Let d(h) = -2*h**2 + 1487*h - 5966. Calculate d(4).
-50
Let o(s) = -84*s + 450. What is o(9)?
-306
Let q(m) = 7*m + 96. Determine q(2).
110
Let t(n) = -10*n**2 - 978*n - 5343. Give t(-92).
-7
Let d(q) = -148*q - 1018. Determine d(-7).
18
Let a(m) = -4*m + 20. Give a(-4).
36
Let z(r) = 4*r**3 + 9*r + 9. Calculate z(-1).
-4
Let q(x) = -2*x**2 + 11*x - 6. Determine q(2).
8
Let h(k) = 61*k - 4939. Determine h(81).
2
Let s(u) = u**3 - 23*u**2 + 9*u - 281. What is s(23)?
-74
Let u(m) = 328*m - 8041. What is u(24)?
-169
Let h(m) = 83*m + 2950. Determine h(-36).
-38
Let p(o) = -o**2 - 282*o - 16748. Give p(-85).
-3
Let m(z) = -6*z**2 - 100*z + 102. What is m(1)?
-4
Let r(g) = 379*g - 6624. What is r(18)?
198
Let v(l) = -l**3 + 14*l**2 + 10*l - 86. Calculate v(14).
54
Let u(j) = -156*j + 3100. Determine u(20).
-20
Let i(f) = -3*f**2 - 6*f + 41. Give i(-7).
-64
Let t(u) = 2*u**2 + 994*u + 5929. What is t(-6)?
37
Let x(v) = -3057*v - 107. Calculate x(0).
-107
Let d(h) = -h**3 - 12*h**2 + 19*h + 140. Calculate d(-13).
62
Let g(d) = d**3 - 8*d**2 + 7*d + 7. Determine g(3).
-17
Let d(n) = -2*n**3 + 18*n**2 + 34*n - 329. What is d(8)?
71
Let c(y) = -27*y**2 - 976*y - 142. Calculate c(-36).
2
Let b(k) = -k**3 - 67*k**2 + 212*k - 75. Determine b(-70).
-215
Let h(s) = 3*s**2 - 54*s - 70. Give h(18).
-70
Let b(l) = -l**3 - 3*l**2 + 4*l - 9. Determine b(3).
-51
Let m(o) = -o**3 - 9*o**2 - 5*o - 3. Determine m(-7).
-66
Let l(b) = -123*b - 255. Determine l(-2).
-9
Let s(w) = -w**3 - 5*w + 31. Calculate s(0).
31
Let o(f) = -233*f**2 - 67*f + 65. What is o(1)?
-235
Let b(m) = m**3 - 95*m**2 - 46*m - 4808. Determine b(96).
-8
Let j(h) = h**3 - 11*h**2 + 15*h - 56. Give j(7).
-147
Let x(k) = 2*k**3 - 25*k**2 + 57*k - 35. Calculate x(9).
-89
Let m(j) = 18*j**3 + 181*j**2 + 25*j + 155. What is m(-10)?
5
Let o(j) = 2*j**2 + 105*j + 110. Give o(-1).
7
Let s(z) = z**2 - z - 43. Determine s(-11).
89
Let v(r) = -r**3 - 17*r**2 + 275*r + 139. Give v(-27).
4
Let i(c) = 109*c - 8430. What is i(77)?
-37
Let d(q) = 46*q**2 - 120*q - 243. Give d(-2).
181
Let u(w) = 1923*w + 26916. What is u(-14)?
-6
Let f(d) = -1173*d - 5863. Give f(-5).
2
Let q(o) = -2815*o + 28151. Give q(10).
1
Let o(j) = j**3 - 13*j**2 + 9*j - 4. What is o(13)?
113
Let q(d) = 255*d + 1693. What is q(-5)?
418
Let d(p) = -3*p**3 + 66*p**2 + 10*p - 207. Give d(22).
13
Let i(s) = 184*s + 26082. Calculate i(-142).
-46
Let j(r) = -r**2 + 116*r + 8304. Calculate j(-50).
4
Let j(c) = 2*c**2 + 76*c + 92. What is j(-32)?
-292
Let n(a) = 3*a**3 - 9*a**2 - 18*a + 21. What is n(5)?
81
Let q(u) = u**3 + 6*u**2 - 167*u - 1119. Determine q(-7).
1
Let k(q) = -q**2 - 3207*q + 19275. Give k(6).
-3
Let k(x) = 2*x**3 + 2*x**2 - 13*x - 42. Calculate k(-4).
-86
Let g(a) = 20*a - 1027. What is g(54)?
53
Let a(g) = 312*g + 3113. What is a(-10)?
-7
Let d(q) = 8*q**2 - 7*q - 35. Calculate d(-2).
11
Let h(s) = s**3 - 8*s**2 - 44*s - 49. Calculate h(11).
-170
Let c(t) = -469*t + 6515. What is c(14)?
-51
Let t(o) = o**2 - 47*o + 326. What is t(38)?
-16
Let q(v) = -10*v**3 - 21*v**2 + 45*v + 19. Determine q(3).
-305
Let j(t) = t**2 + 27*t - 384. Give j(-37).
-14
Let n(q) = 2993*q + 107754. Calculate n(-36).
6
Let s(x) = -8*x + 68. Determine s(16).
-60
Let t